reds digit of 369244038?
0
What is the ten thousands digit of 2011514036?
1
What is the thousands digit of 95436770?
6
What is the billions digit of 1009201669?
1
What is the tens digit of 185039857?
5
What is the ten thousands digit of 9679972?
7
What is the ten thousands digit of 219883311?
8
What is the units digit of 13883626?
6
What is the tens digit of 241865259?
5
What is the millions digit of 7565322984?
5
What is the tens digit of 162982039?
3
What is the units digit of 11300426?
6
What is the units digit of 74384049?
9
What is the hundred thousands digit of 10592324?
5
What is the ten millions digit of 2175386343?
7
What is the hundreds digit of 256274880?
8
What is the hundred thousands digit of 41356299?
3
What is the millions digit of 34363702?
4
What is the thousands digit of 380920601?
0
What is the thousands digit of 443871465?
1
What is the thousands digit of 250039910?
9
What is the tens digit of 13437146?
4
What is the ten millions digit of 1079850747?
7
What is the ten thousands digit of 120930999?
3
What is the tens digit of 72614655?
5
What is the tens digit of 59382859?
5
What is the ten millions digit of 12426659?
1
What is the hundreds digit of 122319808?
8
What is the ten thousands digit of 335257223?
5
What is the hundred millions digit of 4702533662?
7
What is the ten thousands digit of 58764645?
6
What is the hundred thousands digit of 26372093?
3
What is the hundred millions digit of 142120384?
1
What is the tens digit of 3394978610?
1
What is the hundred millions digit of 698768635?
6
What is the tens digit of 728173954?
5
What is the ten thousands digit of 65979848?
7
What is the hundreds digit of 1885867215?
2
What is the tens digit of 4525564?
6
What is the hundred thousands digit of 2990237?
9
What is the millions digit of 770323551?
0
What is the thousands digit of 227366813?
6
What is the thousands digit of 45230917?
0
What is the tens digit of 583280997?
9
What is the millions digit of 102346195?
2
What is the ten thousands digit of 30734866?
3
What is the hundred millions digit of 617446324?
6
What is the hundred thousands digit of 870253327?
2
What is the millions digit of 42823092?
2
What is the ten thousands digit of 92331231?
3
What is the millions digit of 2648896386?
8
What is the tens digit of 63453779?
7
What is the units digit of 505414026?
6
What is the thousands digit of 583286630?
6
What is the hundred thousands digit of 3974794858?
7
What is the hundred thousands digit of 33928171?
9
What is the ten thousands digit of 2287051395?
5
What is the ten millions digit of 736158846?
3
What is the thousands digit of 138600372?
0
What is the ten millions digit of 176436605?
7
What is the thousands digit of 29249683?
9
What is the hundred millions digit of 557637788?
5
What is the units digit of 257794587?
7
What is the units digit of 31044508?
8
What is the tens digit of 858149042?
4
What is the hundreds digit of 4493698174?
1
What is the hundred millions digit of 128930758?
1
What is the hundred thousands digit of 354122452?
1
What is the millions digit of 998777173?
8
What is the tens digit of 47205151?
5
What is the hundreds digit of 939926294?
2
What is the tens digit of 170436658?
5
What is the hundreds digit of 34447042?
0
What is the millions digit of 22439101?
2
What is the tens digit of 804076918?
1
What is the ten thousands digit of 1891343310?
4
What is the millions digit of 101475676?
1
What is the hundreds digit of 7591166424?
4
What is the millions digit of 789315610?
9
What is the ten millions digit of 506366043?
0
What is the millions digit of 3201252972?
1
What is the millions digit of 6024632?
6
What is the ten thousands digit of 27341885?
4
What is the ten thousands digit of 4290118497?
1
What is the hundred millions digit of 367253770?
3
What is the hundred millions digit of 5035306667?
0
What is the hundred thousands digit of 1258753888?
7
What is the hundred thousands digit of 68920196?
9
What is the thousands digit of 446900767?
0
What is the ten thousands digit of 227559025?
5
What is the tens digit of 5392170355?
5
What is the hundreds digit of 40865944?
9
What is the hundred thousands digit of 2676968137?
9
What is the hundreds digit of 1047212345?
3
What is the ten thousands digit of 50393193?
9
What is the hundreds digit of 39721453?
4
What is the hundreds digit of 2962449978?
9
What is the units digit of 79866112?
2
What is the hundreds digit of 64942357?
3
What is the hundreds digit of 155180515?
5
What is the tens digit of 56063?
6
What is the units digit of 1240854868?
8
What is the ten thousands digit of 1563133435?
3
What is the units digit of 322158447?
7
What is the hundreds digit of 991084266?
2
What is the millions digit of 55701518?
5
What is the thousands digit of 2153484008?
4
What is the hundreds digit of 131923219?
2
What is the ten millions digit of 66253453?
6
What is the millions digit of 3146876765?
6
What is the hundred thousands digit of 49943643?
9
What is the ten millions digit of 2908519198?
0
What is the units digit of 3636718515?
5
What is the billions digit of 1831347779?
1
What is the tens digit of 36368799?
9
What is the tens digit of 234536064?
6
What is the ten millions digit of 17787725?
1
What is the hundred thousands digit of 70083988?
0
What is the hundreds digit of 8864256649?
6
What is the tens digit of 31405803?
0
What is the millions digit of 922248183?
2
What is the hundreds digit of 261075270?
2
What is the ten thousands digit of 4419361132?
6
What is the ten thousands digit of 8942683?
4
What is the millions digit of 1771944811?
1
What is the ten millions digit of 2089016894?
8
What is the thousands digit of 720157807?
7
What is the hundred millions digit of 1327502354?
3
What is the ten thousands digit of 585019954?
1
What is the ten millions digit of 765985257?
6
What is the hundreds digit of 53850879?
8
What is the thousands digit of 84887839?
7
What is the units digit of 1474447191?
1
What is the units digit of 7376095?
5
What is the tens digit of 79651718?
1
What is the ten thousands digit of 126827930?
2
What is the ten millions digit of 138417095?
3
What is the ten millions digit of 27938581?
2
What is the millions digit of 87117546?
7
What is the units digit of 237867738?
8
What is the units digit of 972663015?
5
What is the thousands digit of 1413723766?
3
What is the hundred millions digit of 2439625341?
4
What is the hundred thousands digit of 499494252?
4
What is the tens digit of 24892311?
1
What is the ten thousands digit of 5316751487?
5
What is the hundred thousands digit of 2276786473?
7
What is the millions digit of 51494404?
1
What is the units digit of 56027688?
8
What is the units digit of 171456429?
9
What is the tens digit of 25394505?
0
What is the units digit of 187979585?
5
What is the billions digit of 3261798226?
3
What is the thousands digit of 1264878589?
8
What is the ten thousands digit of 152519244?
1
What is the hundreds digit of 59456332?
3
What is the hundred thousands digit of 945342147?
3
What is the ten thousands digit of 6836766257?
6
What is the ten thousands digit of 31677918?
7
What is the ten millions digit of 72630525?
7
What is the thousands digit of 693967813?
7
What is the hundred thousands digit of 26835835?
8
What is the hundreds digit of 1348817072?
0
What is the hundred millions digit of 1688678427?
6
What is the tens digit of 2225165785?
8
What is the ten thousands digit of 1736254039?
5
What is the ten thousands digit of 178848363?
4
What is the tens digit of 243796439?
3
What is the millions digit of 392062421?
2
What is the units digit of 1400930589?
9
What is the hundred thousands digit of 593905461?
9
What is the millions digit of 4118159368?
8
What is the millions digit of 6070673359?
0
What is the hundred millions digit of 198708837?
1
What is the hundred millions digit of 240905986?
2
What is the millions digit of 28831590?
8
What is the ten thousands digit of 408534611?
3
What is the ten thousands digit of 40386333?
8
What is the ten thousands digit of 281125974?
2
What is the thousands digit of 55773319?
3
What is the hundreds digit of 47457398?
3
What is the ten thousands digit of 3009183693?
8
What is the units digit of 110331046?
6
What is the hundreds digit of 1